3. Let o be 0/(4/(-4) - 1). Let t(n) = -n**2 + 2*n**2 + n + 4*n + o*n. Determine t(b).
6
Let i(y) = -4*y + 265. Let o be i(67). Let v(h) = h**2 + 4*h - 3. Give v(o).
-6
Let b(k) = k**2 + 4*k - 2. Suppose 5*g = -0*f - 2*f + 15, 0 = f. Let u = g - 3. Suppose u = n - 3*n - p - 11, 3*p - 9 = n. Give b(n).
10
Let r(f) = 92*f - 3 - 46*f + 3 - 49*f. Give r(-1).
3
Let j(m) = -m**2 + m + 1. Let x(t) = t**2 + 8*t + 15. Let n be x(-6). Suppose -3*w - 6 = d, 0*w - 3*w + 2*d + n = 0. Let r be -3 - (-3 - (-1 - w)). Give j(r).
1
Suppose 0*m = 2*m - 70. Suppose -k = -6*k + m. Let f(o) = o**2 - 8*o + 2. Give f(k).
-5
Let m be 24*(-16)/(-64) - (-9)/1. Let a(p) = -p - 4. Give a(m).
-19
Let t(r) = 15*r**2 + 3*r + r**3 - 3 - 8*r**2 - 4. Let k(p) = p**2 + 27*p + 27. Let x be k(-19). Let l be (100/x)/((-2)/(-15)). Give t(l).
11
Let m(u) be the second derivative of u**4/12 + 4*u**3/3 + 3*u**2 - 11*u. Let o be m(-7). Let b(z) be the first derivative of 2*z**3 + z + 1. What is b(o)?
7
Let v(n) be the third derivative of 0*n - 13/6*n**3 + 11/24*n**4 + 0 - 43*n**2 + 1/120*n**6 - 1/5*n**5. Give v(11).
-13
Let t(q) be the first derivative of -q**7/840 - q**6/120 + q**5/30 - 5*q**4/24 + 2*q**3 - 21. Let j(c) be the third derivative of t(c). Give j(-5).
25
Let x(m) = m**2 + 12*m + 1. Let b(o) = 2*o**2 + 25*o + 2. Let u be (3/6)/((-2)/(-24)*-1). Let g(s) = u*b(s) + 13*x(s). Calculate g(-6).
1
Suppose 0 = 4*r - 5*f - 10, -4*r + 2*f - 4 = -8. Let k = r - -7. Let n(o) = -o**3 + 8*o**2 - 9*o + 10. Let m be n(k). Let b(u) = -2*u - 5. Calculate b(m).
3
Suppose -6 = x - 4*x. Suppose 5*n = -3*q + 3*n + 3, 0 = 3*q + 3*n. Let z(c) = -41*c**q - 1 + 2*c + 2 + 42*c**3 - 2*c**2. Give z(x).
5
Suppose 0 = -v + 3*g - 1, -2*v - g - 3*g = -8. Let u(x) be the second derivative of -5*x**3/6 + 3*x**2/2 - 13*x. Give u(v).
-7
Let p = -14 - -10. Let f = -11 + 13. Let a(m) = 3*m**2 + 2*m - 5. Let t(i) = 7*i**2 + 4*i - 10. Let h(d) = f*t(d) - 5*a(d). What is h(p)?
-3
Let k = -52 + 53. Let a(c) = -c - 91*c**2 + 90*c**2 - 4*c - k. What is a(-6)?
-7
Let h(k) = 35*k + 1 - 37*k + 0. Let o be ((-4)/(-6))/((-6)/(-27)). Calculate h(o).
-5
Let h be 1 + 33*(-3)/3. Let g = h - -37. Let w(i) = 1 + 5 - 4 + i. Give w(g).
7
Let b = -19 - -27. Let m be (-9)/((-27)/b)*6. Let u = -16 + m. Let q(a) = a**3 - a**2 + 3. Give q(u).
3
Let w be (-6)/(-27) + (-4)/18. Suppose 2*h - 2 + 0 = w. Let i(z) = -7. Let r(t) = t**3 + t**2 + 24. Let g(b) = -7*i(b) - 2*r(b). Calculate g(h).
-3
Let p(a) = -2*a - 3. Let x(h) = 10*h**3 - 27*h**2 - 9. Let i(g) = 3*g**3 - 9*g**2 - 3. Let k(j) = 7*i(j) - 2*x(j). Let f be k(9). What is p(f)?
3
Let u(w) = -2*w + 1. Let p(x) = -x**3 - 9*x**2 - x - 21. Let a be p(-9). Suppose n - d - 68 = 5*n, 4*n + 68 = 2*d. Let j = n - a. Give u(j).
11
Suppose -4 = -2*m + 2, -9 = -4*d + m. Let i(c) be the third derivative of 7/24*c**4 + 0*c + 0 + 3/2*c**d + 1/60*c**5 - 7*c**2. Give i(-6).
3
Let z(w) = -3*w**2 + 13*w**3 - 4*w + 3 - 4*w**2 + 0*w - 12*w**3. Let x(n) = -6*n**3 + 36*n**2 + 20*n - 16. Let l(r) = -2*x(r) - 11*z(r). Give l(-4).
-1
Let f(i) = 3*i**3 + 11*i**2 - 4*i + 2. Let u be f(-4). Let b(j) = j**2 + 2 - 3 + 24*j**2 - 7*j**u. What is b(-1)?
17
Let b(n) = -n**2 + 3*n + 4. Let t = -256 + 253. Determine b(t).
-14
Let p = 401 + -402. Let q(t) = -4 + 4 + 14*t + 1. Determine q(p).
-13
Let a(g) be the second derivative of -1/20*g**5 + 1/2*g**2 - g**3 - 2*g + 5/12*g**4 + 0. Calculate a(4).
-7
Let d(n) = 3*n + 4. Let l(h) = -9*h + 174. Let g be l(20). What is d(g)?
-14
Let x(n) be the second derivative of 0 - n**2 - 1/10*n**5 + 3*n - 1/6*n**4 - 1/6*n**3. Give x(-2).
8
Let b be 2/36*4 - (-2562)/378. Let q(s) = s**2 - 13*s + 4. Calculate q(b).
-38
Suppose -11*m + 7*m - 156 = 0. Let w = -33 - m. Let y(r) = -5*r - 4 + 7*r**2 + 3*r**3 - 6*r**3 + 2*r**3. Give y(w).
2
Let v be (0/1*1)/(-1). Let g be 20/10 + (-1 - -3) - 1. Let w(p) = p**3 + g*p + 3 + 3*p - 5*p + 2 + p**2. Calculate w(v).
5
Let t be 4/(-5)*-5 + 1. Suppose t*a = 6*a - 1. Let x(n) = 9*n**2. What is x(a)?
9
Let s(w) = 3*w - 2. Let z(x) = -x**2 - 6*x + 7. Let j be ((-6)/9)/(10/105). Let h be z(j). Suppose h = -3*i - 9 + 15. Calculate s(i).
4
Suppose r - 2 = -9. Let o = -8 - r. Let j(d) = 489*d - 5*d**2 - 1 - 981*d + 492*d. Give j(o).
-6
Let r(l) = 33*l - 10. Let p(i) = -5*i. Let t(g) = -6*p(g) - r(g). Determine t(2).
4
Let x = -47 + 46. Let a(c) be the first derivative of 8*c**3/3 + c**2/2 + 32. Calculate a(x).
7
Let c(i) be the second derivative of 1/20*i**5 + 0 + 1/2*i**3 + 12*i - 1/4*i**4 - 1/2*i**2. What is c(3)?
8
Let n = -160 + 154. Let k(g) = -g**2 - 8*g - 6. Determine k(n).
6
Let z(h) = h**2 - 7*h + 7. Let q be (-3 - (-69)/9)/((-60)/(-90)). Determine z(q).
7
Suppose 0 = 3*k - 2*k. Let q be (-9)/9*(5 + k). Let u(f) = -11*f - 25. Let o(m) = -5*m - 12. Let x(h) = 9*o(h) - 4*u(h). What is x(q)?
-3
Let p(m) be the third derivative of -m**5/30 + 5*m**4/24 + m**3/6 - 32*m**2. Let z(h) = 2*h**2 - 4*h - 1. Let n(c) = 3*p(c) + 4*z(c). Give n(2).
5
Let l be 1*-7 - (-3 + 2). Let x(j) = 7*j**2 + 7*j - 2. Let r(z) = -3*z**2 - 4*z + 1. Let n be 3/(63/56*4/3). Let o(q) = n*x(q) + 5*r(q). Give o(l).
1
Let s be 0/1*(-3)/6. Let r(m) = -2*m + 3. Calculate r(s).
3
Let k(n) = -8*n**2 + 3*n - n**3 + n + 10*n**2 - 6*n**2 - 3. Suppose -2*o + 100 = 3*o. Suppose s + 3*s + o = 0. Calculate k(s).
2
Let c(m) be the first derivative of -m**3/3 - m**2 + 4*m - 160. Calculate c(3).
-11
Let v be (0 - 2/4)*-38. Suppose -v = -c - 2*c + 2*h, 4*c + 4*h - 12 = 0. Let i(z) be the second derivative of z**4/12 - 2*z**3/3 - 2*z**2 + z. Determine i(c).
1
Suppose 2*s - 34 = -40. Let f be (3 + 2)*s/3. Let n(i) = i**3 + 6*i**2 + 5*i - 5. Calculate n(f).
-5
Suppose -5*a - d - 4*d + 30 = 0, -3*a - 2 = -2*d. Let q(x) = -14*x - 13 + 12 + 14*x - 4*x**a. Give q(1).
-5
Let v = -31/276 + 9/46. Let f(s) be the third derivative of -2*s**2 + 0*s + 0 - v*s**4 - 5/6*s**3. Calculate f(-4).
3
Let x(u) be the first derivative of u**4/4 - u**3 + 3*u**2/2 - u - 67. Give x(2).
1
Let p(o) be the first derivative of -o**3/3 - 11*o**2/2 + 10*o + 270. Determine p(-9).
28
Let h(u) = -2*u**2 - 15*u - 13. Let g(q) = q**2 + 7*q + 7. Let j(b) = 7*g(b) + 4*h(b). Give j(-11).
-3
Let y(p) = 6 - 5*p + 9 - 16 + 9. Calculate y(10).
-42
Let a(k) = k**3 + 69*k**2 - 3 - 3 + 61*k**2 - 135*k**2 - 4*k. Give a(6).
6
Let w(d) be the third derivative of d**5/60 - 5*d**4/24 - 5*d**3/6 + 68*d**2. Give w(7).
9
Suppose 5*y + 2*i - 7 = 0, 3*y = 5*i - i + 25. Let r be 0/1 + (-8)/(-2). Let o(h) = r*h - 2 - 35*h**2 + y + 33*h**2. Calculate o(3).
-5
Suppose -2*l + 2*l = -3*l. Let i(x) be the third derivative of 1/8*x**4 - 1/6*x**3 + l*x + 3*x**2 + 0. What is i(-2)?
-7
Let u = 9 - 13. Let h(d) = -d**3 - d**2 + d - 1. Let c(o) = -o**3 - o**2 + o - 1. Let z(b) = u*h(b) + 5*c(b). Calculate z(0).
-1
Let t(s) be the second derivative of s**5/20 + s**4/3 + s**3/2 - 6098*s. Let b(n) = -n**3 + 4*n**2 + 5*n - 3. Let d be b(5). Determine t(d).
0
Let m(i) be the second derivative of -i**5/20 - 7*i**4/12 + 5*i**3/6 + i**2 - 88*i + 2. What is m(-8)?
26
Let a(o) be the first derivative of o**2 + 33*o + 186. Determine a(-16).
1
Let n be (6 - 4)*(-4 + 3). Let m(y) = -7*y - 9. Let a(p) = 2*p + 3. Let q(w) = 8*a(w) + 3*m(w). Let s be q(n). Let r(o) = -o + 13. What is r(s)?
6
Let y(n) = -12*n**3 + n**2 + n. Suppose -14 = 4*w + 210. Let c = 55 + w. Calculate y(c).
12
Let u(r) = 2*r - 6. Suppose -o = 4*y + 29, -10*y + 2 = -11*y - 2*o. Determine u(y).
-22
Let r(n) be the third derivative of n**4/24 + 2*n**3/3 + 9*n**2 - 6*n. Let m = -1 + 1. Determine r(m).
4
Let k(s) = -2 + 1 - 2*s**2 + 2*s**3 - 2*s + s. Let l be (4/1)/(8/16). Let j(w) = w**3 - 9*w**2 + 7*w + 10. Let b be j(l). Determine k(b).
5
Let n = -1 - -5. Let j = n - 1. Let m(x) = 17 + x**j - 5*x**2 - x - 20 - 5*x. Give m(6).
-3
Suppose -9*a + 20 = a. Let c be 4/6*6/4. Let s(n) = -n**2 + 5 + c - 3*n + 0 - 5. Calculate s(a).
-9
Let q(w) = -w + 1. Let n(i) = i - 5. Let o(u) = -n(u) + 2*q(u). Suppose c - 2*h = 11, -3*c = -0*c + h - 12. Determine o(c).
-8
Let n(u) = -u**2 + 2*u - 1. Let j(a) = -a**2 + 3*a - 2. Suppose -w + 5 = 1. Let c(o) = w*n(o) - 3*j(o). Calculate c(-4).
-10
Let x(s) = 3*s**2 - 13*s + 15. Let n(w) = 4*w**2 - 13*w + 14. Let b(h) = -4*n(h) + 5*x(h). Let f be b(-14). Let z(a) = -a + 11. What is z